 8?
True
Is 1246 a factor of 44852021?
False
Is 8932422 a multiple of 6?
True
Is 377 a factor of 431128104?
False
Does 569 divide 1231449146?
True
Is 9293617 a multiple of 1326?
False
Does 60 divide 482118140?
False
Is 24 a factor of 589168712?
False
Is 83977648 a multiple of 178?
False
Is 92697540 a multiple of 32?
False
Is 789920106 a multiple of 97?
False
Is 33 a factor of 280031598?
True
Does 2 divide 75215811?
False
Is 22 a factor of 31736944?
False
Is 31591632 a multiple of 118?
False
Does 20 divide 1131118116?
False
Is 6296027100 a multiple of 3891?
True
Is 55 a factor of 97057229?
False
Is 87 a factor of 93976704?
True
Does 10 divide 149680?
True
Is 58 a factor of 29430391?
False
Is 3939866681 a multiple of 2334?
False
Does 358 divide 850596186?
True
Is 281329751 a multiple of 4737?
False
Is 8 a factor of 121294384?
True
Is 11563319 a multiple of 251?
True
Is 22 a factor of 49616116?
True
Does 197 divide 8845595?
False
Does 149 divide 820876164?
True
Does 4766 divide 3585478307?
False
Does 1010 divide 22521487?
False
Is 1014002798 a multiple of 28?
False
Is 16611141 a multiple of 239?
False
Is 103119408 a multiple of 24?
True
Does 20 divide 27305612?
False
Does 23 divide 119527527?
True
Is 6795207 a multiple of 59?
True
Is 27 a factor of 628242399?
True
Is 3425 a factor of 395104575?
True
Does 54 divide 1092449636?
False
Is 54 a factor of 82097289?
False
Is 169024263 a multiple of 3097?
False
Is 61977036 a multiple of 1048?
False
Does 555 divide 5641020?
True
Is 2279166439 a multiple of 12949?
True
Is 111319053 a multiple of 14?
False
Is 1553445864 a multiple of 648?
True
Is 470404695 a multiple of 376?
False
Does 863 divide 6076707763?
False
Is 193805335 a multiple of 28?
False
Is 106307761 a multiple of 7?
True
Does 98 divide 7211134?
True
Is 349 a factor of 828843241?
True
Is 297737541 a multiple of 17?
True
Is 48 a factor of 320819136?
True
Is 43 a factor of 85334844?
False
Does 43 divide 852647?
True
Does 94 divide 3206622?
True
Does 301 divide 61625655?
False
Is 38 a factor of 236724420?
True
Does 201 divide 97536657?
True
Is 1145334795 a multiple of 6495?
True
Is 1923303262 a multiple of 2839?
True
Does 196 divide 49590352?
True
Does 26 divide 1088308?
True
Is 17 a factor of 159833133?
True
Is 197 a factor of 15426560?
False
Is 153 a factor of 3375328?
False
Is 18681502 a multiple of 178?
False
Is 9 a factor of 94194331?
False
Does 16 divide 5477228?
False
Is 30930675 a multiple of 725?
True
Is 30875232 a multiple of 32?
True
Does 374 divide 2697513302?
False
Is 23 a factor of 10524757?
False
Does 222 divide 3159104?
False
Is 15 a factor of 1698761119?
False
Does 43 divide 38893244?
False
Is 2740 a factor of 10525543?
False
Is 96488954 a multiple of 2242?
True
Does 5 divide 33459367?
False
Is 32893401 a multiple of 17?
False
Does 8 divide 1343453816?
True
Is 2832160408 a multiple of 392?
True
Is 84 a factor of 28448072?
False
Is 171 a factor of 87780285?
True
Does 356 divide 11512924?
False
Is 1277220440 a multiple of 7?
False
Is 1353584404 a multiple of 3681?
False
Does 2840 divide 1451543880?
True
Is 3894476 a multiple of 4?
True
Does 220 divide 133174522?
False
Does 2843 divide 227830370?
False
Is 158943800 a multiple of 6340?
True
Is 600705153 a multiple of 181?
True
Is 3761794539 a multiple of 527?
False
Is 759766878 a multiple of 1521?
True
Does 18 divide 50134017?
False
Is 4176 a factor of 1759916736?
True
Does 8 divide 32018710?
False
Is 130 a factor of 48333092?
False
Is 91141559 a multiple of 10?
False
Does 2251 divide 836131464?
False
Is 48 a factor of 40846446?
False
Is 214806641 a multiple of 2264?
False
Does 90 divide 5212485?
False
Is 222 a factor of 3298271?
False
Does 151 divide 12243231?
True
Is 4304 a factor of 4524799504?
True
Is 780051816 a multiple of 27?
True
Is 358741168 a multiple of 1262?
True
Is 117731413 a multiple of 1972?
False
Is 396 a factor of 61230738?
False
Is 1017 a factor of 4678086263?
False
Is 44530000 a multiple of 584?
True
Is 2 a factor of 179998?
True
Is 667 a factor of 1706124636?
True
Does 3293 divide 1116340172?
True
Is 20750090 a multiple of 169?
False
Does 63 divide 2275371?
True
Does 10 divide 25120040?
True
Is 17062160 a multiple of 27?
False
Does 710 divide 387210524?
False
Does 921 divide 689761767?
True
Is 13 a factor of 10024976?
True
Is 17319628 a multiple of 27?
False
Is 14172134 a multiple of 1304?
False
Is 107 a factor of 151212767?
False
Does 22 divide 1207324888?
True
Does 22 divide 187356218?
False
Is 54 a factor of 793657656?
True
Is 2652208 a multiple of 8?
True
Does 24 divide 156412896?
True
Is 1851 a factor of 91229832?
False
Is 6 a factor of 14232600?
True
Is 104918490 a multiple of 6?
True
Is 5163161 a multiple of 929?
False
Does 9 divide 122642312?
False
Does 1011 divide 29824500?
True
Is 2590 a factor of 5798909?
False
Does 229 divide 24299063?
False
Is 4667780 a multiple of 2?
True
Does 690 divide 17584315?
False
Is 148 a factor of 772694236?
True
Does 23 divide 3057903319?
False
Does 31 divide 246187967?
False
Is 5308 a factor of 573565871?
False
Is 781783623 a multiple of 673?
False
Does 4 divide 1036338?
False
Is 25419924 a multiple of 4?
True
Is 459501058 a multiple of 302?
False
Does 1815 divide 85110515?
False
Is 9470994 a multiple of 158?
True
Is 193521499 a multiple of 85?
False
Is 16 a factor of 77352096?
True
Does 4 divide 20016248?
True
Is 754673317 a multiple of 81?
False
Is 516 a factor of 3306062?
False
Does 21 divide 8986551?
True
Is 10 a factor of 1215811030?
True
Is 58 a factor of 16785722?
True
Does 1583 divide 2136950271?
True
Does 4 divide 6690293?
False
Is 1469340184 a multiple of 71?
False
Does 87 divide 4821690336?
True
Is 73445596 a multiple of 176?
False
Does 3513 divide 862480165?
False
Is 2026 a factor of 272067956?
False
Is 42 a factor of 1643219718?
True
Does 38 divide 18825678?
False
Does 3177 divide 25719297?
False
Is 16 a factor of 4094840192?
True
Does 1506 divide 22943484?
False
Does 2072 divide 2920762?
False
Does 29 divide 8049037?
True
Is 153748494 a multiple of 400?
False
Does 139 divide 37322751?
True
Does 211 divide 10965881?
True
Does 197 divide 2085827923?
True
Is 594880272 a multiple of 1068?
True
Is 188 a factor of 2006248?
False
Is 14770000 a multiple of 4?
True
Is 86 a factor of 55716132?
True
Does 30 divide 60297130?
False
Does 7 divide 172762720?
False
Does 22 divide 110072226?
True
Is 51624463 a multiple of 5?
False
Is 41 a factor of 256670455?
True
Does 10 divide 74132212?
False
Is 42 a factor of 17983291?
False
Does 732 divide 76225288?
False
Is 24775072 a multiple of 56?
True
Does 710 divide 33317232?
False
Is 21 a factor of 1601194665?
True
Is 18833144 a multiple of 34?
True
Is 1135 a factor of 127333380?
True
Does 90 divide 7946977?
False
Is 160 a factor of 9692336?
False
Is 754123240 a multiple of 7192?
False
Does 799 divide 5761925696?
False
Is 18 a factor of 7112719458?
True
Is 467131196 a multiple of 61?
False
Is 300933187 a multiple of 14?
False
Does 4089 divide 96357285?
True
Is 634250100 a multiple of 4260?
True
Is 4 a factor of 2190655?
False
Is 3492528493 a multiple of 12?
False
Is 248081948 a multiple of 34?
False
Is 173 a factor of 6598566?
True
Is 562115828 a multiple of 814?
False
Is 30039725 a multiple of 2?
False
Is 328 a factor of 1890920?
True
Is 785 a factor of 4306510?
True
Is 4 a factor of 23369416?
True
Is 21 a factor of 7110285?
True
Does 52 divide 21618628?
False
Is 5532 a factor of 355835604?
False
Does 188 divide 396868?
True
Is 55543495 a multiple of 38?
False
Does 17 divide 1003892993?
True
Does 964 divide 49857116?
True
Is 1439640980 a multiple of 2935?
True
Is 302 a factor of 107788028?
True
Is 16 a factor of 1979349824?
True
Does 36 divide 38161944?
True
Is 2053683837 a multiple of 23?
False
Does 93 divide 266134101?
True
Does 535 divide 157827675?
True
Does 56 divide 2543339441?
False
Does 97 divide 1068322171?
False
Is 119603310 a multiple of 5?
True
Is 15 a factor of 10580121?
False
Is 1566163397 a multiple of 6967?
False
Does 289 divide 962974174?
False
Does 2304 divide 221027328?
True
Is 81008599 a multiple of 2127?
False
Is 66533791 a multiple of 21?
False
Is 24152590 a multiple of 14?
True
Is 11429034 a multiple of 271?
False
Is 5587824 a multiple of 270?
False
Is 4